{"id":107,"date":"2011-09-07T19:21:00","date_gmt":"2011-09-07T19:21:00","guid":{"rendered":"http:\/\/ff-6401.de\/?page_id=107"},"modified":"2026-02-08T19:27:31","modified_gmt":"2026-02-08T18:27:31","slug":"dienst-einsatzbereitschaft","status":"publish","type":"page","link":"https:\/\/main.ff-6401.de\/?page_id=107","title":{"rendered":"Einsatzbereitschaft"},"content":{"rendered":"\n<div class=\"wp-block-columns is-layout-flex wp-container-core-columns-is-layout-9d6595d7 wp-block-columns-is-layout-flex\">\n<div class=\"wp-block-column is-layout-flow wp-block-column-is-layout-flow\" style=\"flex-basis:100%\"><style>.kb-row-layout-id107_0fbff3-45 > .kt-row-column-wrap{align-content:start;}:where(.kb-row-layout-id107_0fbff3-45 > .kt-row-column-wrap) > .wp-block-kadence-column{justify-content:start;}.kb-row-layout-id107_0fbff3-45 > .kt-row-column-wrap{column-gap:var(--global-kb-gap-md, 2rem);row-gap:var(--global-kb-gap-md, 2rem);padding-top:var(--global-kb-spacing-sm, 1.5rem);padding-bottom:var(--global-kb-spacing-sm, 1.5rem);grid-template-columns:minmax(0, calc(50% - ((var(--global-kb-gap-md, 2rem) * 1 )\/2)))minmax(0, calc(50% - ((var(--global-kb-gap-md, 2rem) * 1 )\/2)));}.kb-row-layout-id107_0fbff3-45 > .kt-row-layout-overlay{opacity:0.30;}@media all and (max-width: 1024px){.kb-row-layout-id107_0fbff3-45 > .kt-row-column-wrap{grid-template-columns:repeat(2, minmax(0, 1fr));}}@media all and (max-width: 767px){.kb-row-layout-id107_0fbff3-45 > .kt-row-column-wrap{grid-template-columns:minmax(0, 1fr);}}<\/style><div class=\"kb-row-layout-wrap kb-row-layout-id107_0fbff3-45 alignnone wp-block-kadence-rowlayout\"><div class=\"kt-row-column-wrap kt-has-2-columns kt-row-layout-equal kt-tab-layout-inherit kt-mobile-layout-row kt-row-valign-top\">\n<style>.kadence-column107_67a075-38 > .kt-inside-inner-col,.kadence-column107_67a075-38 > .kt-inside-inner-col:before{border-top-left-radius:0px;border-top-right-radius:0px;border-bottom-right-radius:0px;border-bottom-left-radius:0px;}.kadence-column107_67a075-38 > .kt-inside-inner-col{column-gap:var(--global-kb-gap-sm, 1rem);}.kadence-column107_67a075-38 > .kt-inside-inner-col{flex-direction:column;}.kadence-column107_67a075-38 > .kt-inside-inner-col > .aligncenter{width:100%;}.kadence-column107_67a075-38 > .kt-inside-inner-col:before{opacity:0.3;}.kadence-column107_67a075-38{position:relative;}@media all and (max-width: 1024px){.kadence-column107_67a075-38 > .kt-inside-inner-col{flex-direction:column;justify-content:center;}}@media all and (max-width: 767px){.kadence-column107_67a075-38 > .kt-inside-inner-col{flex-direction:column;justify-content:center;}}<\/style>\n<div class=\"wp-block-kadence-column kadence-column107_67a075-38\"><div class=\"kt-inside-inner-col\">\n<p>Die Freiwillige Feuerwehr Lichtenberg wird als sogenannte B-Wehr bei einsatzbedingter l\u00e4ngerer Abwesenheit der hauptamtlichen Kollegen aufgrund von Gro\u00dfschadensereignissen (bspw. Unwetter oder Gro\u00dfbr\u00e4nde) auf die Wache gerufen (Wachbesetzung), um den Grundschutz f\u00fcr die Bev\u00f6lkerung aufrechtzuerhalten und die Eins\u00e4tze mit abzuarbeiten oder versieht auch als Absicherung von Gro\u00dfveranstaltungen (z. B. Silvester, Public Viewing, Paraden) geplante Einsatzdienste. Dar\u00fcber hinaus treffen sich die Wehrmitglieder zu geplanten Einsatzdiensten, bei denen sie vor oder gemeinsam mit der Berufsfeuerwehr zu Eins\u00e4tzen ausr\u00fccken.<\/p>\n\n\n\n<p>Die Freiwillige Feuerwehr Lichtenberg z\u00e4hlt bereits seit vielen Jahren zu den einsatzst\u00e4rksten B-Wehren Berlins. Seit dem Wechsel zur Berufsfeuerwache Lichtenberg verzeichnet die Wehr stetig steigende Einsatzzahlen.<\/p>\n\n\n\n<p>Bei einer Wachbesetzung m\u00fcssen die Wehrmitglieder   iinnerhalb 30 Minuten das erste Einsatzfahrzeug mit 6 Besatzmitgliedern besetzen. W\u00e4hrend der geplanten Einsatzdienste sind die Einsatzfahrzeuge mit einer eingeteilten Besatzung fest besetzt. Alle Wehrmitglieder m\u00fcssen 10 Einsatzdienststunden im Monat auf den Einsatzmittel verrichten.<\/p>\n<\/div><\/div>\n\n\n<style>.kadence-column107_a8d5b3-fc > .kt-inside-inner-col,.kadence-column107_a8d5b3-fc > .kt-inside-inner-col:before{border-top-left-radius:0px;border-top-right-radius:0px;border-bottom-right-radius:0px;border-bottom-left-radius:0px;}.kadence-column107_a8d5b3-fc > .kt-inside-inner-col{column-gap:var(--global-kb-gap-sm, 1rem);}.kadence-column107_a8d5b3-fc > .kt-inside-inner-col{flex-direction:column;}.kadence-column107_a8d5b3-fc > .kt-inside-inner-col > .aligncenter{width:100%;}.kadence-column107_a8d5b3-fc > .kt-inside-inner-col:before{opacity:0.3;}.kadence-column107_a8d5b3-fc{position:relative;}@media all and (max-width: 1024px){.kadence-column107_a8d5b3-fc > .kt-inside-inner-col{flex-direction:column;justify-content:center;}}@media all and (max-width: 767px){.kadence-column107_a8d5b3-fc > .kt-inside-inner-col{flex-direction:column;justify-content:center;}}<\/style>\n<div class=\"wp-block-kadence-column kadence-column107_a8d5b3-fc\"><div class=\"kt-inside-inner-col\">\n<figure class=\"wp-block-image size-large is-resized\"><img loading=\"lazy\" decoding=\"async\" width=\"768\" height=\"1024\" src=\"https:\/\/main.ff-6401.de\/wp-content\/uploads\/2026\/02\/Bild3-768x1024.jpeg\" alt=\"\" class=\"wp-image-4608\" style=\"aspect-ratio:0.750020632169679;width:300px;height:auto\" srcset=\"https:\/\/main.ff-6401.de\/wp-content\/uploads\/2026\/02\/Bild3-768x1024.jpeg 768w, https:\/\/main.ff-6401.de\/wp-content\/uploads\/2026\/02\/Bild3-225x300.jpeg 225w, https:\/\/main.ff-6401.de\/wp-content\/uploads\/2026\/02\/Bild3-1152x1536.jpeg 1152w, https:\/\/main.ff-6401.de\/wp-content\/uploads\/2026\/02\/Bild3.jpeg 1200w\" sizes=\"auto, (max-width: 768px) 100vw, 768px\" \/><\/figure>\n<\/div><\/div>\n\n<\/div><\/div><\/div>\n<\/div>\n\n\n\n<p><\/p>\n","protected":false},"excerpt":{"rendered":"<p>Die Freiwillige Feuerwehr Lichtenberg wird als sogenannte B-Wehr bei einsatzbedingter l\u00e4ngerer Abwesenheit der hauptamtlichen Kollegen aufgrund von Gro\u00dfschadensereignissen (bspw. Unwetter oder Gro\u00dfbr\u00e4nde) auf die Wache gerufen (Wachbesetzung), um den Grundschutz f\u00fcr die Bev\u00f6lkerung aufrechtzuerhalten und die Eins\u00e4tze mit abzuarbeiten oder &hellip; <a href=\"https:\/\/main.ff-6401.de\/?page_id=107\">Weiter<\/a><\/p>\n","protected":false},"author":1,"featured_media":0,"parent":4692,"menu_order":3,"comment_status":"closed","ping_status":"closed","template":"","meta":{"kt_blocks_editor_width":"","footnotes":""},"class_list":["post-107","page","type-page","status-publish","hentry"],"_links":{"self":[{"href":"https:\/\/main.ff-6401.de\/index.php?rest_route=\/wp\/v2\/pages\/107","targetHints":{"allow":["GET"]}}],"collection":[{"href":"https:\/\/main.ff-6401.de\/index.php?rest_route=\/wp\/v2\/pages"}],"about":[{"href":"https:\/\/main.ff-6401.de\/index.php?rest_route=\/wp\/v2\/types\/page"}],"author":[{"embeddable":true,"href":"https:\/\/main.ff-6401.de\/index.php?rest_route=\/wp\/v2\/users\/1"}],"replies":[{"embeddable":true,"href":"https:\/\/main.ff-6401.de\/index.php?rest_route=%2Fwp%2Fv2%2Fcomments&post=107"}],"version-history":[{"count":24,"href":"https:\/\/main.ff-6401.de\/index.php?rest_route=\/wp\/v2\/pages\/107\/revisions"}],"predecessor-version":[{"id":4626,"href":"https:\/\/main.ff-6401.de\/index.php?rest_route=\/wp\/v2\/pages\/107\/revisions\/4626"}],"up":[{"embeddable":true,"href":"https:\/\/main.ff-6401.de\/index.php?rest_route=\/wp\/v2\/pages\/4692"}],"wp:attachment":[{"href":"https:\/\/main.ff-6401.de\/index.php?rest_route=%2Fwp%2Fv2%2Fmedia&parent=107"}],"curies":[{"name":"wp","href":"https:\/\/api.w.org\/{rel}","templated":true}]}}