{"id":56,"date":"2011-09-07T12:10:21","date_gmt":"2011-09-07T12:10:21","guid":{"rendered":"http:\/\/ff-6401.de\/?page_id=56"},"modified":"2026-02-08T20:56:13","modified_gmt":"2026-02-08T19:56:13","slug":"alarmierung","status":"publish","type":"page","link":"https:\/\/main.ff-6401.de\/?page_id=56","title":{"rendered":"\u00dcbungsdienst"},"content":{"rendered":"<style>.kb-row-layout-id56_f76f67-c6 > .kt-row-column-wrap{align-content:start;}:where(.kb-row-layout-id56_f76f67-c6 > .kt-row-column-wrap) > .wp-block-kadence-column{justify-content:start;}.kb-row-layout-id56_f76f67-c6 > .kt-row-column-wrap{column-gap:var(--global-kb-gap-md, 2rem);row-gap:var(--global-kb-gap-md, 2rem);padding-top:var(--global-kb-spacing-sm, 1.5rem);padding-bottom:var(--global-kb-spacing-sm, 1.5rem);grid-template-columns:minmax(0, 2fr) minmax(0, 1fr);}.kb-row-layout-id56_f76f67-c6 > .kt-row-layout-overlay{opacity:0.30;}@media all and (max-width: 1024px){.kb-row-layout-id56_f76f67-c6 > .kt-row-column-wrap{grid-template-columns:minmax(0, 2fr) minmax(0, 1fr);}}@media all and (max-width: 767px){.kb-row-layout-id56_f76f67-c6 > .kt-row-column-wrap{grid-template-columns:minmax(0, 1fr);}}<\/style><div class=\"kb-row-layout-wrap kb-row-layout-id56_f76f67-c6 alignnone wp-block-kadence-rowlayout\"><div class=\"kt-row-column-wrap kt-has-2-columns kt-row-layout-left-golden kt-tab-layout-inherit kt-mobile-layout-row kt-row-valign-top\">\n<style>.kadence-column56_65f56c-4a > .kt-inside-inner-col,.kadence-column56_65f56c-4a > .kt-inside-inner-col:before{border-top-left-radius:0px;border-top-right-radius:0px;border-bottom-right-radius:0px;border-bottom-left-radius:0px;}.kadence-column56_65f56c-4a > .kt-inside-inner-col{column-gap:var(--global-kb-gap-sm, 1rem);}.kadence-column56_65f56c-4a > .kt-inside-inner-col{flex-direction:column;}.kadence-column56_65f56c-4a > .kt-inside-inner-col > .aligncenter{width:100%;}.kadence-column56_65f56c-4a > .kt-inside-inner-col:before{opacity:0.3;}.kadence-column56_65f56c-4a{position:relative;}@media all and (max-width: 1024px){.kadence-column56_65f56c-4a > .kt-inside-inner-col{flex-direction:column;justify-content:center;}}@media all and (max-width: 767px){.kadence-column56_65f56c-4a > .kt-inside-inner-col{flex-direction:column;justify-content:center;}}<\/style>\n<div class=\"wp-block-kadence-column kadence-column56_65f56c-4a\"><div class=\"kt-inside-inner-col\">\n<p>Die Wehrmitglieder der Freiwilligen Feuerwehr Lichtenberg treffen sich regelm\u00e4\u00dfig dienstags um 18 Uhr zum gemeinsamen \u00dcbungsdienst in der Feuerwache. Zu unseren abendlichen Aktivit\u00e4ten z\u00e4hlt die theoretische und praktische Aus- und Fortbildung, Dienstsport (z.B. Beach-Volleyball,Tischtennis, \u00dcbungen im Kardio- oder Kraftraum), Fahrzeug- und Technikcheck und ggf. die Indienstnahme unserer. Dienstende ist in der Regel gegen 22:00 Uhr.<\/p>\n\n\n\n<p>Interesse geweckt? <br>Dann schau doch einfach mal vorbei!<\/p>\n<\/div><\/div>\n\n\n<style>.kadence-column56_8fb18b-c9 > .kt-inside-inner-col,.kadence-column56_8fb18b-c9 > .kt-inside-inner-col:before{border-top-left-radius:0px;border-top-right-radius:0px;border-bottom-right-radius:0px;border-bottom-left-radius:0px;}.kadence-column56_8fb18b-c9 > .kt-inside-inner-col{column-gap:var(--global-kb-gap-sm, 1rem);}.kadence-column56_8fb18b-c9 > .kt-inside-inner-col{flex-direction:column;}.kadence-column56_8fb18b-c9 > .kt-inside-inner-col > .aligncenter{width:100%;}.kadence-column56_8fb18b-c9 > .kt-inside-inner-col:before{opacity:0.3;}.kadence-column56_8fb18b-c9{position:relative;}@media all and (max-width: 1024px){.kadence-column56_8fb18b-c9 > .kt-inside-inner-col{flex-direction:column;justify-content:center;}}@media all and (max-width: 767px){.kadence-column56_8fb18b-c9 > .kt-inside-inner-col{flex-direction:column;justify-content:center;}}<\/style>\n<div class=\"wp-block-kadence-column kadence-column56_8fb18b-c9\"><div class=\"kt-inside-inner-col\">\n<figure class=\"wp-block-image size-large\"><img loading=\"lazy\" decoding=\"async\" width=\"768\" height=\"1024\" src=\"https:\/\/main.ff-6401.de\/wp-content\/uploads\/2026\/02\/Bild4-768x1024.jpeg\" alt=\"\" class=\"wp-image-4628\" srcset=\"https:\/\/main.ff-6401.de\/wp-content\/uploads\/2026\/02\/Bild4-768x1024.jpeg 768w, https:\/\/main.ff-6401.de\/wp-content\/uploads\/2026\/02\/Bild4-225x300.jpeg 225w, https:\/\/main.ff-6401.de\/wp-content\/uploads\/2026\/02\/Bild4-1152x1536.jpeg 1152w, https:\/\/main.ff-6401.de\/wp-content\/uploads\/2026\/02\/Bild4.jpeg 1536w\" sizes=\"auto, (max-width: 768px) 100vw, 768px\" \/><\/figure>\n<\/div><\/div>\n\n<\/div><\/div>\n\n\n<p><\/p>\n","protected":false},"excerpt":{"rendered":"<p>Die Wehrmitglieder der Freiwilligen Feuerwehr Lichtenberg treffen sich regelm\u00e4\u00dfig dienstags um 18 Uhr zum gemeinsamen \u00dcbungsdienst in der Feuerwache. Zu unseren abendlichen Aktivit\u00e4ten z\u00e4hlt die theoretische und praktische Aus- und Fortbildung, Dienstsport (z.B. Beach-Volleyball,Tischtennis, \u00dcbungen im Kardio- oder Kraftraum), Fahrzeug- &hellip; <a href=\"https:\/\/main.ff-6401.de\/?page_id=56\">Weiter<\/a><\/p>\n","protected":false},"author":1,"featured_media":0,"parent":4692,"menu_order":4,"comment_status":"closed","ping_status":"closed","template":"","meta":{"kt_blocks_editor_width":"","footnotes":""},"class_list":["post-56","page","type-page","status-publish","hentry"],"_links":{"self":[{"href":"https:\/\/main.ff-6401.de\/index.php?rest_route=\/wp\/v2\/pages\/56","targetHints":{"allow":["GET"]}}],"collection":[{"href":"https:\/\/main.ff-6401.de\/index.php?rest_route=\/wp\/v2\/pages"}],"about":[{"href":"https:\/\/main.ff-6401.de\/index.php?rest_route=\/wp\/v2\/types\/page"}],"author":[{"embeddable":true,"href":"https:\/\/main.ff-6401.de\/index.php?rest_route=\/wp\/v2\/users\/1"}],"replies":[{"embeddable":true,"href":"https:\/\/main.ff-6401.de\/index.php?rest_route=%2Fwp%2Fv2%2Fcomments&post=56"}],"version-history":[{"count":24,"href":"https:\/\/main.ff-6401.de\/index.php?rest_route=\/wp\/v2\/pages\/56\/revisions"}],"predecessor-version":[{"id":4702,"href":"https:\/\/main.ff-6401.de\/index.php?rest_route=\/wp\/v2\/pages\/56\/revisions\/4702"}],"up":[{"embeddable":true,"href":"https:\/\/main.ff-6401.de\/index.php?rest_route=\/wp\/v2\/pages\/4692"}],"wp:attachment":[{"href":"https:\/\/main.ff-6401.de\/index.php?rest_route=%2Fwp%2Fv2%2Fmedia&parent=56"}],"curies":[{"name":"wp","href":"https:\/\/api.w.org\/{rel}","templated":true}]}}